{"id":7,"date":"2023-09-01T17:37:08","date_gmt":"2023-09-01T15:37:08","guid":{"rendered":"http:\/\/tesolucion.cl\/?page_id=7"},"modified":"2024-11-18T14:27:50","modified_gmt":"2024-11-18T13:27:50","slug":"remate-departamento-iquique","status":"publish","type":"page","link":"https:\/\/tesolucion.cl\/index.php\/remate-departamento-iquique\/","title":{"rendered":"Remate Departamento Iquique."},"content":{"rendered":"\n<figure class=\"wp-block-image size-large\"><img loading=\"lazy\" decoding=\"async\" width=\"1024\" height=\"674\" src=\"https:\/\/tesolucion.cl\/wp-content\/uploads\/2024\/09\/Captura-de-pantalla-2024-09-03-a-las-10.39.24\u202fa.-m-1024x674.png\" alt=\"\" class=\"wp-image-16\" srcset=\"https:\/\/tesolucion.cl\/wp-content\/uploads\/2024\/09\/Captura-de-pantalla-2024-09-03-a-las-10.39.24\u202fa.-m-1024x674.png 1024w, https:\/\/tesolucion.cl\/wp-content\/uploads\/2024\/09\/Captura-de-pantalla-2024-09-03-a-las-10.39.24\u202fa.-m-300x197.png 300w, https:\/\/tesolucion.cl\/wp-content\/uploads\/2024\/09\/Captura-de-pantalla-2024-09-03-a-las-10.39.24\u202fa.-m-768x505.png 768w, https:\/\/tesolucion.cl\/wp-content\/uploads\/2024\/09\/Captura-de-pantalla-2024-09-03-a-las-10.39.24\u202fa.-m-1536x1011.png 1536w, https:\/\/tesolucion.cl\/wp-content\/uploads\/2024\/09\/Captura-de-pantalla-2024-09-03-a-las-10.39.24\u202fa.-m-2048x1348.png 2048w\" sizes=\"(max-width: 1024px) 100vw, 1024px\" \/><\/figure>\n\n\n\n<p class=\"has-text-align-center\"><strong>GRUMETE BOLADOS, BLOQUE<\/strong> <strong>B11, DPTO 201<\/strong>. <strong>REMODELACI\u00d3N EL MORRO, IQUIQUE.<\/strong><\/p>\n\n\n\n<p>En juicio de partici\u00f3n &#8220;Marcich con C\u00e1diz&#8221; se ha decretado el remate de esta propiedad, cuyas caracter\u00edsticas son: <\/p>\n\n\n\n<p>Superficie total estimada de 60 m2.<\/p>\n\n\n\n<p>Distribuci\u00f3n: Hall de acceso, living &#8211; comedor, 3 dormitorios, 1 ba\u00f1o, cocina. Incluye closets. Presenta dos balcones, uno ubicado en el living y otro en dormitorio principal.<\/p>\n\n\n\n<figure class=\"wp-block-gallery has-nested-images columns-default is-cropped wp-block-gallery-1 is-layout-flex wp-block-gallery-is-layout-flex\">\n<figure class=\"wp-block-image size-large\"><img loading=\"lazy\" decoding=\"async\" width=\"1024\" height=\"674\" data-id=\"51\" src=\"https:\/\/tesolucion.cl\/wp-content\/uploads\/2024\/09\/01-Exterior-copia-1-1024x674.jpg\" alt=\"\" class=\"wp-image-51\" srcset=\"https:\/\/tesolucion.cl\/wp-content\/uploads\/2024\/09\/01-Exterior-copia-1-1024x674.jpg 1024w, https:\/\/tesolucion.cl\/wp-content\/uploads\/2024\/09\/01-Exterior-copia-1-300x197.jpg 300w, https:\/\/tesolucion.cl\/wp-content\/uploads\/2024\/09\/01-Exterior-copia-1-768x505.jpg 768w, https:\/\/tesolucion.cl\/wp-content\/uploads\/2024\/09\/01-Exterior-copia-1-1536x1011.jpg 1536w, https:\/\/tesolucion.cl\/wp-content\/uploads\/2024\/09\/01-Exterior-copia-1-2048x1348.jpg 2048w\" sizes=\"(max-width: 1024px) 100vw, 1024px\" \/><\/figure>\n\n\n\n<figure class=\"wp-block-image size-large\"><img loading=\"lazy\" decoding=\"async\" width=\"1024\" height=\"763\" data-id=\"34\" src=\"https:\/\/tesolucion.cl\/wp-content\/uploads\/2024\/09\/02-Living-Com-1024x763.jpeg\" alt=\"\" class=\"wp-image-34\" srcset=\"https:\/\/tesolucion.cl\/wp-content\/uploads\/2024\/09\/02-Living-Com-1024x763.jpeg 1024w, https:\/\/tesolucion.cl\/wp-content\/uploads\/2024\/09\/02-Living-Com-300x224.jpeg 300w, https:\/\/tesolucion.cl\/wp-content\/uploads\/2024\/09\/02-Living-Com-768x572.jpeg 768w, https:\/\/tesolucion.cl\/wp-content\/uploads\/2024\/09\/02-Living-Com-1536x1145.jpeg 1536w, https:\/\/tesolucion.cl\/wp-content\/uploads\/2024\/09\/02-Living-Com.jpeg 1868w\" sizes=\"(max-width: 1024px) 100vw, 1024px\" \/><\/figure>\n\n\n\n<figure class=\"wp-block-image size-large\"><img loading=\"lazy\" decoding=\"async\" width=\"1024\" height=\"763\" data-id=\"35\" src=\"https:\/\/tesolucion.cl\/wp-content\/uploads\/2024\/09\/02-Living-Com-1024x763.jpg\" alt=\"\" class=\"wp-image-35\" srcset=\"https:\/\/tesolucion.cl\/wp-content\/uploads\/2024\/09\/02-Living-Com-1024x763.jpg 1024w, https:\/\/tesolucion.cl\/wp-content\/uploads\/2024\/09\/02-Living-Com-300x224.jpg 300w, https:\/\/tesolucion.cl\/wp-content\/uploads\/2024\/09\/02-Living-Com-768x572.jpg 768w, https:\/\/tesolucion.cl\/wp-content\/uploads\/2024\/09\/02-Living-Com-1536x1145.jpg 1536w, https:\/\/tesolucion.cl\/wp-content\/uploads\/2024\/09\/02-Living-Com.jpg 1868w\" sizes=\"(max-width: 1024px) 100vw, 1024px\" \/><\/figure>\n\n\n\n<figure class=\"wp-block-image size-large\"><img loading=\"lazy\" decoding=\"async\" width=\"1024\" height=\"765\" data-id=\"36\" src=\"https:\/\/tesolucion.cl\/wp-content\/uploads\/2024\/09\/03-Living-Com-1024x765.jpeg\" alt=\"\" class=\"wp-image-36\" srcset=\"https:\/\/tesolucion.cl\/wp-content\/uploads\/2024\/09\/03-Living-Com-1024x765.jpeg 1024w, https:\/\/tesolucion.cl\/wp-content\/uploads\/2024\/09\/03-Living-Com-300x224.jpeg 300w, https:\/\/tesolucion.cl\/wp-content\/uploads\/2024\/09\/03-Living-Com-768x574.jpeg 768w, https:\/\/tesolucion.cl\/wp-content\/uploads\/2024\/09\/03-Living-Com-1536x1147.jpeg 1536w, https:\/\/tesolucion.cl\/wp-content\/uploads\/2024\/09\/03-Living-Com.jpeg 1866w\" sizes=\"(max-width: 1024px) 100vw, 1024px\" \/><\/figure>\n\n\n\n<figure class=\"wp-block-image size-large\"><img loading=\"lazy\" decoding=\"async\" width=\"1024\" height=\"766\" data-id=\"33\" src=\"https:\/\/tesolucion.cl\/wp-content\/uploads\/2024\/09\/04-Pasillo-1024x766.jpeg\" alt=\"\" class=\"wp-image-33\" srcset=\"https:\/\/tesolucion.cl\/wp-content\/uploads\/2024\/09\/04-Pasillo-1024x766.jpeg 1024w, https:\/\/tesolucion.cl\/wp-content\/uploads\/2024\/09\/04-Pasillo-300x225.jpeg 300w, https:\/\/tesolucion.cl\/wp-content\/uploads\/2024\/09\/04-Pasillo-768x575.jpeg 768w, https:\/\/tesolucion.cl\/wp-content\/uploads\/2024\/09\/04-Pasillo-1536x1150.jpeg 1536w, https:\/\/tesolucion.cl\/wp-content\/uploads\/2024\/09\/04-Pasillo.jpeg 1868w\" sizes=\"(max-width: 1024px) 100vw, 1024px\" \/><\/figure>\n\n\n\n<figure class=\"wp-block-image size-large\"><img loading=\"lazy\" decoding=\"async\" width=\"1024\" height=\"769\" data-id=\"32\" src=\"https:\/\/tesolucion.cl\/wp-content\/uploads\/2024\/09\/05-Pasillo-1024x769.jpeg\" alt=\"\" class=\"wp-image-32\" srcset=\"https:\/\/tesolucion.cl\/wp-content\/uploads\/2024\/09\/05-Pasillo-1024x769.jpeg 1024w, https:\/\/tesolucion.cl\/wp-content\/uploads\/2024\/09\/05-Pasillo-300x225.jpeg 300w, https:\/\/tesolucion.cl\/wp-content\/uploads\/2024\/09\/05-Pasillo-768x577.jpeg 768w, https:\/\/tesolucion.cl\/wp-content\/uploads\/2024\/09\/05-Pasillo-1536x1154.jpeg 1536w, https:\/\/tesolucion.cl\/wp-content\/uploads\/2024\/09\/05-Pasillo.jpeg 1864w\" sizes=\"(max-width: 1024px) 100vw, 1024px\" \/><\/figure>\n\n\n\n<figure class=\"wp-block-image size-large\"><img loading=\"lazy\" decoding=\"async\" width=\"1024\" height=\"766\" data-id=\"38\" src=\"https:\/\/tesolucion.cl\/wp-content\/uploads\/2024\/09\/06-Dorm.-1-1024x766.jpeg\" alt=\"\" class=\"wp-image-38\" srcset=\"https:\/\/tesolucion.cl\/wp-content\/uploads\/2024\/09\/06-Dorm.-1-1024x766.jpeg 1024w, https:\/\/tesolucion.cl\/wp-content\/uploads\/2024\/09\/06-Dorm.-1-300x224.jpeg 300w, https:\/\/tesolucion.cl\/wp-content\/uploads\/2024\/09\/06-Dorm.-1-768x575.jpeg 768w, https:\/\/tesolucion.cl\/wp-content\/uploads\/2024\/09\/06-Dorm.-1-1536x1149.jpeg 1536w, https:\/\/tesolucion.cl\/wp-content\/uploads\/2024\/09\/06-Dorm.-1.jpeg 1858w\" sizes=\"(max-width: 1024px) 100vw, 1024px\" \/><\/figure>\n\n\n\n<figure class=\"wp-block-image size-large\"><img loading=\"lazy\" decoding=\"async\" width=\"1024\" height=\"767\" data-id=\"39\" src=\"https:\/\/tesolucion.cl\/wp-content\/uploads\/2024\/09\/07-Dorm-1-1024x767.jpeg\" alt=\"\" class=\"wp-image-39\" srcset=\"https:\/\/tesolucion.cl\/wp-content\/uploads\/2024\/09\/07-Dorm-1-1024x767.jpeg 1024w, https:\/\/tesolucion.cl\/wp-content\/uploads\/2024\/09\/07-Dorm-1-300x225.jpeg 300w, https:\/\/tesolucion.cl\/wp-content\/uploads\/2024\/09\/07-Dorm-1-768x575.jpeg 768w, https:\/\/tesolucion.cl\/wp-content\/uploads\/2024\/09\/07-Dorm-1-1536x1150.jpeg 1536w, https:\/\/tesolucion.cl\/wp-content\/uploads\/2024\/09\/07-Dorm-1.jpeg 1870w\" sizes=\"(max-width: 1024px) 100vw, 1024px\" \/><\/figure>\n\n\n\n<figure class=\"wp-block-image size-large\"><img loading=\"lazy\" decoding=\"async\" width=\"1024\" height=\"766\" data-id=\"41\" src=\"https:\/\/tesolucion.cl\/wp-content\/uploads\/2024\/09\/08-Dorm-1-1024x766.jpeg\" alt=\"\" class=\"wp-image-41\" srcset=\"https:\/\/tesolucion.cl\/wp-content\/uploads\/2024\/09\/08-Dorm-1-1024x766.jpeg 1024w, https:\/\/tesolucion.cl\/wp-content\/uploads\/2024\/09\/08-Dorm-1-300x224.jpeg 300w, https:\/\/tesolucion.cl\/wp-content\/uploads\/2024\/09\/08-Dorm-1-768x574.jpeg 768w, https:\/\/tesolucion.cl\/wp-content\/uploads\/2024\/09\/08-Dorm-1-1536x1149.jpeg 1536w, https:\/\/tesolucion.cl\/wp-content\/uploads\/2024\/09\/08-Dorm-1.jpeg 1864w\" sizes=\"(max-width: 1024px) 100vw, 1024px\" \/><\/figure>\n\n\n\n<figure class=\"wp-block-image size-large\"><img loading=\"lazy\" decoding=\"async\" width=\"1024\" height=\"765\" data-id=\"40\" src=\"https:\/\/tesolucion.cl\/wp-content\/uploads\/2024\/09\/09-Dorm-1024x765.jpeg\" alt=\"\" class=\"wp-image-40\" srcset=\"https:\/\/tesolucion.cl\/wp-content\/uploads\/2024\/09\/09-Dorm-1024x765.jpeg 1024w, https:\/\/tesolucion.cl\/wp-content\/uploads\/2024\/09\/09-Dorm-300x224.jpeg 300w, https:\/\/tesolucion.cl\/wp-content\/uploads\/2024\/09\/09-Dorm-768x574.jpeg 768w, https:\/\/tesolucion.cl\/wp-content\/uploads\/2024\/09\/09-Dorm-1536x1147.jpeg 1536w, https:\/\/tesolucion.cl\/wp-content\/uploads\/2024\/09\/09-Dorm.jpeg 1856w\" sizes=\"(max-width: 1024px) 100vw, 1024px\" \/><\/figure>\n\n\n\n<figure class=\"wp-block-image size-large\"><img loading=\"lazy\" decoding=\"async\" width=\"1024\" height=\"767\" data-id=\"42\" src=\"https:\/\/tesolucion.cl\/wp-content\/uploads\/2024\/09\/10-Dorm-3-1024x767.jpeg\" alt=\"\" class=\"wp-image-42\" srcset=\"https:\/\/tesolucion.cl\/wp-content\/uploads\/2024\/09\/10-Dorm-3-1024x767.jpeg 1024w, https:\/\/tesolucion.cl\/wp-content\/uploads\/2024\/09\/10-Dorm-3-300x225.jpeg 300w, https:\/\/tesolucion.cl\/wp-content\/uploads\/2024\/09\/10-Dorm-3-768x576.jpeg 768w, https:\/\/tesolucion.cl\/wp-content\/uploads\/2024\/09\/10-Dorm-3-1536x1151.jpeg 1536w, https:\/\/tesolucion.cl\/wp-content\/uploads\/2024\/09\/10-Dorm-3.jpeg 1860w\" sizes=\"(max-width: 1024px) 100vw, 1024px\" \/><\/figure>\n\n\n\n<figure class=\"wp-block-image size-large\"><img loading=\"lazy\" decoding=\"async\" width=\"1024\" height=\"770\" data-id=\"44\" src=\"https:\/\/tesolucion.cl\/wp-content\/uploads\/2024\/09\/11-Cocina-1024x770.jpeg\" alt=\"\" class=\"wp-image-44\" srcset=\"https:\/\/tesolucion.cl\/wp-content\/uploads\/2024\/09\/11-Cocina-1024x770.jpeg 1024w, https:\/\/tesolucion.cl\/wp-content\/uploads\/2024\/09\/11-Cocina-300x226.jpeg 300w, https:\/\/tesolucion.cl\/wp-content\/uploads\/2024\/09\/11-Cocina-768x578.jpeg 768w, https:\/\/tesolucion.cl\/wp-content\/uploads\/2024\/09\/11-Cocina-1536x1155.jpeg 1536w, https:\/\/tesolucion.cl\/wp-content\/uploads\/2024\/09\/11-Cocina.jpeg 1856w\" sizes=\"(max-width: 1024px) 100vw, 1024px\" \/><\/figure>\n\n\n\n<figure class=\"wp-block-image size-large\"><img loading=\"lazy\" decoding=\"async\" width=\"1024\" height=\"765\" data-id=\"43\" src=\"https:\/\/tesolucion.cl\/wp-content\/uploads\/2024\/09\/12-Cocina-1024x765.jpeg\" alt=\"\" class=\"wp-image-43\" srcset=\"https:\/\/tesolucion.cl\/wp-content\/uploads\/2024\/09\/12-Cocina-1024x765.jpeg 1024w, https:\/\/tesolucion.cl\/wp-content\/uploads\/2024\/09\/12-Cocina-300x224.jpeg 300w, https:\/\/tesolucion.cl\/wp-content\/uploads\/2024\/09\/12-Cocina-768x574.jpeg 768w, https:\/\/tesolucion.cl\/wp-content\/uploads\/2024\/09\/12-Cocina-1536x1147.jpeg 1536w, https:\/\/tesolucion.cl\/wp-content\/uploads\/2024\/09\/12-Cocina.jpeg 1866w\" sizes=\"(max-width: 1024px) 100vw, 1024px\" \/><\/figure>\n\n\n\n<figure class=\"wp-block-image size-large\"><img loading=\"lazy\" decoding=\"async\" width=\"1024\" height=\"766\" data-id=\"47\" src=\"https:\/\/tesolucion.cl\/wp-content\/uploads\/2024\/09\/13-Bano-1024x766.jpeg\" alt=\"\" class=\"wp-image-47\" srcset=\"https:\/\/tesolucion.cl\/wp-content\/uploads\/2024\/09\/13-Bano-1024x766.jpeg 1024w, https:\/\/tesolucion.cl\/wp-content\/uploads\/2024\/09\/13-Bano-300x224.jpeg 300w, https:\/\/tesolucion.cl\/wp-content\/uploads\/2024\/09\/13-Bano-768x575.jpeg 768w, https:\/\/tesolucion.cl\/wp-content\/uploads\/2024\/09\/13-Bano-1536x1149.jpeg 1536w, https:\/\/tesolucion.cl\/wp-content\/uploads\/2024\/09\/13-Bano.jpeg 1866w\" sizes=\"(max-width: 1024px) 100vw, 1024px\" \/><\/figure>\n\n\n\n<figure class=\"wp-block-image size-large\"><img loading=\"lazy\" decoding=\"async\" width=\"1024\" height=\"764\" data-id=\"46\" src=\"https:\/\/tesolucion.cl\/wp-content\/uploads\/2024\/09\/14-Bano-1024x764.jpeg\" alt=\"\" class=\"wp-image-46\" srcset=\"https:\/\/tesolucion.cl\/wp-content\/uploads\/2024\/09\/14-Bano-1024x764.jpeg 1024w, https:\/\/tesolucion.cl\/wp-content\/uploads\/2024\/09\/14-Bano-300x224.jpeg 300w, https:\/\/tesolucion.cl\/wp-content\/uploads\/2024\/09\/14-Bano-768x573.jpeg 768w, https:\/\/tesolucion.cl\/wp-content\/uploads\/2024\/09\/14-Bano-1536x1147.jpeg 1536w, https:\/\/tesolucion.cl\/wp-content\/uploads\/2024\/09\/14-Bano.jpeg 1862w\" sizes=\"(max-width: 1024px) 100vw, 1024px\" \/><\/figure>\n\n\n\n<figure class=\"wp-block-image size-large\"><img loading=\"lazy\" decoding=\"async\" width=\"1024\" height=\"768\" data-id=\"48\" src=\"https:\/\/tesolucion.cl\/wp-content\/uploads\/2024\/09\/15-Bano-1024x768.jpeg\" alt=\"\" class=\"wp-image-48\" srcset=\"https:\/\/tesolucion.cl\/wp-content\/uploads\/2024\/09\/15-Bano-1024x768.jpeg 1024w, https:\/\/tesolucion.cl\/wp-content\/uploads\/2024\/09\/15-Bano-300x225.jpeg 300w, https:\/\/tesolucion.cl\/wp-content\/uploads\/2024\/09\/15-Bano-768x576.jpeg 768w, https:\/\/tesolucion.cl\/wp-content\/uploads\/2024\/09\/15-Bano-1536x1152.jpeg 1536w, https:\/\/tesolucion.cl\/wp-content\/uploads\/2024\/09\/15-Bano.jpeg 1858w\" sizes=\"(max-width: 1024px) 100vw, 1024px\" \/><\/figure>\n\n\n\n<figure class=\"wp-block-image size-large\"><img loading=\"lazy\" decoding=\"async\" width=\"1024\" height=\"769\" data-id=\"45\" src=\"https:\/\/tesolucion.cl\/wp-content\/uploads\/2024\/09\/16-Balcon-1024x769.jpeg\" alt=\"\" class=\"wp-image-45\" srcset=\"https:\/\/tesolucion.cl\/wp-content\/uploads\/2024\/09\/16-Balcon-1024x769.jpeg 1024w, https:\/\/tesolucion.cl\/wp-content\/uploads\/2024\/09\/16-Balcon-300x225.jpeg 300w, https:\/\/tesolucion.cl\/wp-content\/uploads\/2024\/09\/16-Balcon-768x576.jpeg 768w, https:\/\/tesolucion.cl\/wp-content\/uploads\/2024\/09\/16-Balcon-1536x1153.jpeg 1536w, https:\/\/tesolucion.cl\/wp-content\/uploads\/2024\/09\/16-Balcon.jpeg 1860w\" sizes=\"(max-width: 1024px) 100vw, 1024px\" \/><\/figure>\n\n\n\n<figure class=\"wp-block-image size-large\"><img loading=\"lazy\" decoding=\"async\" width=\"1024\" height=\"770\" data-id=\"49\" src=\"https:\/\/tesolucion.cl\/wp-content\/uploads\/2024\/09\/17-Balcon-1024x770.jpeg\" alt=\"\" class=\"wp-image-49\" srcset=\"https:\/\/tesolucion.cl\/wp-content\/uploads\/2024\/09\/17-Balcon-1024x770.jpeg 1024w, https:\/\/tesolucion.cl\/wp-content\/uploads\/2024\/09\/17-Balcon-300x226.jpeg 300w, https:\/\/tesolucion.cl\/wp-content\/uploads\/2024\/09\/17-Balcon-768x577.jpeg 768w, https:\/\/tesolucion.cl\/wp-content\/uploads\/2024\/09\/17-Balcon-1536x1155.jpeg 1536w, https:\/\/tesolucion.cl\/wp-content\/uploads\/2024\/09\/17-Balcon.jpeg 1862w\" sizes=\"(max-width: 1024px) 100vw, 1024px\" \/><\/figure>\n\n\n\n<figure class=\"wp-block-image size-large\"><img loading=\"lazy\" decoding=\"async\" width=\"1024\" height=\"763\" data-id=\"50\" src=\"https:\/\/tesolucion.cl\/wp-content\/uploads\/2024\/09\/18-Vista-1024x763.jpeg\" alt=\"\" class=\"wp-image-50\" srcset=\"https:\/\/tesolucion.cl\/wp-content\/uploads\/2024\/09\/18-Vista-1024x763.jpeg 1024w, https:\/\/tesolucion.cl\/wp-content\/uploads\/2024\/09\/18-Vista-300x224.jpeg 300w, https:\/\/tesolucion.cl\/wp-content\/uploads\/2024\/09\/18-Vista-768x572.jpeg 768w, https:\/\/tesolucion.cl\/wp-content\/uploads\/2024\/09\/18-Vista-1536x1145.jpeg 1536w, https:\/\/tesolucion.cl\/wp-content\/uploads\/2024\/09\/18-Vista.jpeg 1868w\" sizes=\"(max-width: 1024px) 100vw, 1024px\" \/><\/figure>\n<\/figure>\n\n\n\n<p>Valor de tasaci\u00f3n y m\u00ednimo del remate: $84.052.502.<\/p>\n\n\n\n<p><strong>Fecha y hora de remate: Viernes, 20 de Diciembre de 2024\u22c5<\/strong>5:00 pm, v\u00eda GoogleMeet.<\/p>\n\n\n\n<p>Tasaci\u00f3n:<\/p>\n\n\n\n<div data-wp-interactive=\"core\/file\" class=\"wp-block-file\"><object data-wp-bind--hidden=\"!state.hasPdfPreview\"  class=\"wp-block-file__embed\" data=\"https:\/\/tesolucion.cl\/wp-content\/uploads\/2024\/09\/TASACION-PERICIAL.pdf\" type=\"application\/pdf\" style=\"width:100%;height:600px\" aria-label=\"Embed of TASACION-PERICIAL.\"><\/object><a id=\"wp-block-file--media-5c0badab-c9d9-487c-8b6d-ed7595db6b45\" href=\"https:\/\/tesolucion.cl\/wp-content\/uploads\/2024\/09\/TASACION-PERICIAL.pdf\">TASACION-PERICIAL<\/a><a href=\"https:\/\/tesolucion.cl\/wp-content\/uploads\/2024\/09\/TASACION-PERICIAL.pdf\" class=\"wp-block-file__button wp-element-button\" download aria-describedby=\"wp-block-file--media-5c0badab-c9d9-487c-8b6d-ed7595db6b45\">Download<\/a><\/div>\n\n\n\n<p>Extracto de bases del remate, disponibles en: &nbsp;<a rel=\"noreferrer noopener\" href=\"https:\/\/legales.cooperativa.cl\/?p=201903\" target=\"_blank\">https:\/\/legales.cooperativa.cl\/?p=201903<\/a>&nbsp;<\/p>\n\n\n\n<p>Rol de aval\u00fao N\u00ba 431-78, Comuna de Iquique. <\/p>\n\n\n\n<p>Mayores antecedentes enviando correo a: info@diazl.cl  <\/p>\n","protected":false},"excerpt":{"rendered":"<p>GRUMETE BOLADOS, BLOQUE B11, DPTO 201. REMODELACI\u00d3N EL MORRO, IQUIQUE. En juicio de partici\u00f3n &#8220;Marcich con C\u00e1diz&#8221; se ha decretado el remate de esta propiedad, cuyas caracter\u00edsticas son: Superficie total estimada de 60 m2. Distribuci\u00f3n: Hall de acceso, living &#8211; comedor, 3 dormitorios, 1 ba\u00f1o, cocina. Incluye closets. Presenta dos balcones, uno ubicado en el [&hellip;]<\/p>\n","protected":false},"author":1,"featured_media":0,"parent":0,"menu_order":0,"comment_status":"closed","ping_status":"closed","template":"","meta":{"footnotes":""},"class_list":["post-7","page","type-page","status-publish","hentry"],"_links":{"self":[{"href":"https:\/\/tesolucion.cl\/index.php\/wp-json\/wp\/v2\/pages\/7"}],"collection":[{"href":"https:\/\/tesolucion.cl\/index.php\/wp-json\/wp\/v2\/pages"}],"about":[{"href":"https:\/\/tesolucion.cl\/index.php\/wp-json\/wp\/v2\/types\/page"}],"author":[{"embeddable":true,"href":"https:\/\/tesolucion.cl\/index.php\/wp-json\/wp\/v2\/users\/1"}],"replies":[{"embeddable":true,"href":"https:\/\/tesolucion.cl\/index.php\/wp-json\/wp\/v2\/comments?post=7"}],"version-history":[{"count":10,"href":"https:\/\/tesolucion.cl\/index.php\/wp-json\/wp\/v2\/pages\/7\/revisions"}],"predecessor-version":[{"id":67,"href":"https:\/\/tesolucion.cl\/index.php\/wp-json\/wp\/v2\/pages\/7\/revisions\/67"}],"wp:attachment":[{"href":"https:\/\/tesolucion.cl\/index.php\/wp-json\/wp\/v2\/media?parent=7"}],"curies":[{"name":"wp","href":"https:\/\/api.w.org\/{rel}","templated":true}]}}